) = 5*l**2 + l + 2. List the prime factors of r(-2).
2, 5
Let z(q) = 4*q**2. List the prime factors of z(1).
2
Let o = 25 - 15. What are the prime factors of o?
2, 5
Suppose 3*i - 5 = -4*q + 33, 4*q = 2*i - 12. Let a(x) = -i - 16*x + 10. What are the prime factors of a(-1)?
2
Let u = 6 - -30. What are the prime factors of u?
2, 3
Suppose -4*w + 2*w + 4*t = -40, 92 = 4*w - 4*t. Suppose -4*a = -k + 5*k + 48, -5*k - 4*a - 59 = 0. Let b = w + k. What are the prime factors of b?
3, 5
Let g = 10 + 5. Let c = g - 10. Suppose 20 = w - c*y, 4*w - 11 = 2*y + 15. What are the prime factors of w?
5
Let r(d) = d**3 + 7*d**2 - 10*d - 5. Let a be r(-8). Suppose 0 = -2*c - o + 26, -5*o - 1 = -a. Let v = c + -6. List the prime factors of v.
2, 3
List the prime factors of (-42)/(-15)*(-2 + 57)/1.
2, 7, 11
Suppose -12*w + 16*w - 408 = 0. What are the prime factors of w?
2, 3, 17
Let t be (-2 - -1) + (-4)/(-1). Suppose 4*n - l = 21, 4*n - 9 = n + t*l. Suppose -3*r + 27 = n. List the prime factors of r.
7
Let a be (6/(4 + -1))/(-2). Let u = a + 5. List the prime factors of u.
2
Suppose -4*z + 14 = -3*z. Let s = z - 2. What are the prime factors of 25/4 - 3/s?
2, 3
Let i = 62 - 33. List the prime factors of i.
29
Let h = 16 - 4. List the prime factors of h/(-18) + (-130)/(-6).
3, 7
Suppose -3*v = -4*m - 0*m - 415, v + 5*m - 132 = 0. List the prime factors of v.
137
Suppose x = c - 16 + 60, 4*c = 20. Suppose 4*v + 61 = 5*k + v, -x = -5*k - 3*v. Suppose 51 = 5*p + k. List the prime factors of p.
2
Let f(m) = -2*m + m - m**2 + 4*m**2 - 2*m**2. Suppose -1 = t + 2, 2*t = 3*h - 15. List the prime factors of f(h).
2, 3
Let n = 159 - 241. Suppose 0 = 5*i - 14 - 21. What are the prime factors of 2/i + n/(-7)?
2, 3
Let o(n) = -n**3 - 11*n**2 - 7*n + 2. List the prime factors of o(-11).
79
Let s(u) = -2*u**3 - 5*u**2 + 9*u + 16. What are the prime factors of s(-5)?
2, 3
Let g = 61 + -15. List the prime factors of g.
2, 23
List the prime factors of 6/((-1)/(-5) - 0).
2, 3, 5
Let i be (-4)/(-18) + 40/(-18). Let z(r) = -5*r + 0*r**3 + 4*r + 2 - r**3. What are the prime factors of z(i)?
2, 3
Let x = 59 + -26. Suppose x = -4*a - 7. List the prime factors of (-46)/a + (-6)/(-15).
5
What are the prime factors of 1/(-5) - (-1473)/15?
2, 7
Let x(u) = u**2 + 4*u - 4. Let b be x(-5). Let o(j) = 8*j. What are the prime factors of o(b)?
2
Suppose -4*b = -7*p + 3*p + 276, b - 4*p = -57. Let u = -40 - b. What are the prime factors of u?
3, 11
List the prime factors of 2744/12 + (-4)/(-12).
229
Let v = -27 + 44. Let c = 24 - v. Let o(g) = 3*g - 10. List the prime factors of o(c).
11
Let v(h) = -3*h + 28. What are the prime factors of v(-9)?
5, 11
Suppose -640 = 59*t - 64*t. What are the prime factors of t?
2
List the prime factors of 0 - (-3)/3*37.
37
Suppose -2*c = c - 75. Suppose o + 4 = c. What are the prime factors of o?
3, 7
Suppose 9*b - 108 = 3*b. What are the prime factors of b?
2, 3
Suppose 4*i + 4 = 4*m, -4*m - 24 = -0*i + 3*i. Let d(q) = -q - 1. Let u be d(m). Suppose n - 15 = -u*n. List the prime factors of n.
5
Let v(x) be the second derivative of x**3 + 2*x. Let t be v(5). What are the prime factors of -2*2/(-10)*t?
2, 3
Let c be ((-1)/2)/(3/(-174)). Let s = c + -12. Let d = s + -9. What are the prime factors of d?
2
Let f be 266/4 - (-9)/18. Suppose -3*c + h + f = -h, c - h - 22 = 0. List the prime factors of c.
23
Let c = 23 + -16. What are the prime factors of (-45)/(-21) + (-1)/c?
2
Suppose g = 2*g - 19. Let x = -11 + g. Let s = x + 2. What are the prime factors of s?
2, 5
Let t be (3/(-4))/((-1)/4). Let j = t + 8. Let d = j + -8. What are the prime factors of d?
3
Suppose -13*t + 48 = -10*t. What are the prime factors of t?
2
Let h = -89 + 170. List the prime factors of h.
3
Suppose -3*y = -0*y - 12. What are the prime factors of (1/2)/(y/104)?
13
Let c = -5 + 7. What are the prime factors of 27 + (2 - (6 - c))?
5
Suppose 0*m + 2*m = 12. Suppose -d = -m*d + 25. What are the prime factors of d?
5
Suppose 5*b - 15 = y + 122, -b - 5*y + 43 = 0. Let j = b - 10. What are the prime factors of j?
2, 3
Let x(m) = 5*m**2 + 2*m + 1. Let p(b) = b - 1. Let z be p(0). Let r be x(z). Suppose -5*a = r*n - 22, 0 = 3*n + 2*n + 5*a - 25. What are the prime factors of n?
3
Suppose 2*f - f + 11 = -3*l, -2*l = 4*f + 14. Let d = 13 - 16. List the prime factors of (d/f)/((-3)/(-6)).
3
Let a(u) = -35*u. Let n be a(-1). Suppose -5*o = -p + 4*p - 27, -5*o + n = 5*p. What are the prime factors of o*(1 - (-1 + 1))?
3
Suppose 5*b - 102 - 23 = 0. What are the prime factors of b?
5
Let n = -154 - -337. List the prime factors of n.
3, 61
Suppose -6*s + 1006 = -752. List the prime factors of s.
293
Suppose 51 = 4*y - 45. Let w = -2 + y. What are the prime factors of w?
2, 11
Suppose -11 - 37 = -2*s. What are the prime factors of s?
2, 3
Suppose -2*o + d - 55 = -226, 4*o = -4*d + 336. List the prime factors of o.
5, 17
Let a be 6/(-27) + 104/(-18). Let h be (9/a)/((-3)/6). What are the prime factors of (h - (-3)/15)*5?
2
Suppose 572 = 5*j - 78. What are the prime factors of (-20)/j - (-522)/13?
2, 5
List the prime factors of (-16)/10*(-95 + 0).
2, 19
Suppose 9 + 26 = 5*y. Suppose -a = 3*k - 42 + y, 2*a + 2 = 0. List the prime factors of k.
2, 3
Let m be -4*6/(6/2). Let k be (3/4)/((-2)/m). Suppose -4*q = -3*a - 18, 5*a + 22 - k = 3*q. What are the prime factors of q?
3
Suppose 0*k + 5*i = -k - 18, -3*i - 36 = -3*k. What are the prime factors of k?
7
Let z(t) = -t**2 + 4*t + 4. Let b be z(5). Let g = b + 3. Let c = 4 - g. What are the prime factors of c?
2
Suppose 5*d + 138 = 2*k, -k + 5*d - 336 = -5*k. List the prime factors of k.
79
List the prime factors of 1346/30 - 4/(-30).
3, 5
Let i = 230 - 35. What are the prime factors of i?
3, 5, 13
Let f(i) = 5*i**3 + 2*i**2 - 3*i - 5. Let w(j) = 2 + j**2 - 3*j - 2*j**2 - 2*j**3 + 4*j. Let q(c) = 3*f(c) + 8*w(c). What are the prime factors of q(-2)?
3
Let k(j) = j + 19. Suppose 4*h = 3*w - 4*w, 5*w + 34 = -3*h. Let x be k(w). Suppose 3*g - x = 25. List the prime factors of g.
2, 3
Suppose -i = -3*i + 126. List the prime factors of i.
3, 7
Suppose -6*h + 3*h + 9 = 0. Suppose -4*b + 5*y + 19 = 0, 4*y - y + 12 = h*b. What are the prime factors of -10*b*(-6)/15?
2
Suppose h + 12 = 4*z, 2*z - 4 = 5*h + 2. Let m = h - -14. List the prime factors of m.
2, 7
Let b = 237 - 168. List the prime factors of b.
3, 23
Let b(h) = h**3 + 7*h**2 + 8*h + 6. Let c be b(-5). Suppose -3*n + c = -20. What are the prime factors of n?
2, 3
Let m(r) = r**2 + 2*r + 0*r**2 - 7 + 0. Let j be m(-5). Suppose -c + j = -l, -3*c = 2*c + 5*l - 40. What are the prime factors of c?
2
Let x(l) = -l**3 + 23*l**2 - 21*l + 6. What are the prime factors of x(22)?
2, 7
Suppose -4*t + 2*t = -498. What are the prime factors of t?
3, 83
Suppose 0 = -2*n, -2*s + 4*n + 22 = -60. What are the prime factors of s?
41
List the prime factors of 4348/20 + 4/(-10).
7, 31
Let a = -109 + 274. Suppose -4*q + a = q. Suppose 5*t = 2*t + q. List the prime factors of t.
11
Let n(z) = -2*z - 3. Let t be n(-4). List the prime factors of (-3)/t + 96/10.
3
What are the prime factors of -3 - ((-8)/28 + (-1046)/14)?
2, 3
Let f(l) be the second derivative of -7*l**5/20 + l**4/12 + l**3/3 + l**2/2 + l. Let i be f(-1). Suppose 0 = 4*r - 65 - i. List the prime factors of r.
2, 3
Let u be ((-9)/18)/(1/12). Let l(v) = v**3 + 6*v**2 - 7*v - 2. Let p be l(u). Suppose -5*c + 5*t = -p, c + c + t = 10. What are the prime factors of c?
2, 3
Suppose u = 4*u - 24. Let f = u + 0. List the prime factors of f.
2
Suppose -5*v + 0*w + 5*w = -25, -w + 10 = 4*v. Let b be (6 - (0 + v)) + -1. Suppose -c = b*c - 42. What are the prime factors of c?
2, 7
Let x(t) = -t**2 + 10*t - 5. Suppose -5*y = -5*b - 25, 2*y + 3*b = b + 26. What are the prime factors of x(y)?
2
Let y be -1 - 0 - (2 + -5). Suppose -y*p + 4*u - 14 = -5*p, -4*p + 14 = 3*u. List the prime factors of p.
2
Suppose -3*i + 2*o = -7*i, -5*i + 2*o + 18 = 0. Let h be (165 + i/2)/2. Suppose 0 = 5*b - h + 18. What are the prime factors of b?
13
Let q(z) = 3*z**2 + 4*z + 24. List the prime factors of q(-5).
79
Suppose -3*h - 6 = 0, 7 = 4*p - h - 7. Suppose 0 = t + p*n - 7, 0 = -3*t - n - 6 + 3. Let v = 6 + t. List the prime factors of v.
2
Let w(g) = -g + 8. List the prime factors of w(-13).
